{"id":36,"date":"2012-11-30T08:24:45","date_gmt":"2012-11-30T07:24:45","guid":{"rendered":"http:\/\/telematikwissen.de\/?page_id=36"},"modified":"2012-11-30T08:24:45","modified_gmt":"2012-11-30T07:24:45","slug":"kommunikation","status":"publish","type":"page","link":"https:\/\/app.hanseat.me\/tc2\/funktionen\/kommunikation\/","title":{"rendered":"Kommunikation Fahrer\/Zentrale"},"content":{"rendered":"<h2>Inhalts\u00fcbersicht<\/h2>\n<p><strong>Welche Fragen werden auf dieser Seite gekl\u00e4rt?<\/strong><\/p>\n<ul>\n<li>Wie kommunizieren Fahrer und Zentrale bei Telematik-Systemen?<\/li>\n<li>Wie k\u00f6nnen die Nachrichten optimal in das laufende System integriert werden?<\/li>\n<\/ul>\n<h2>Nachrichtenaustausch zwischen Fahrer und Zentrale<\/h2>\n<p>Neben der Ortung der Fahrzeuge ist der Nachrichtenaustausch zwischen Fahrer und Zentrale \u2013und dort im Allgemeinen mit dem Disponenten- eine der zentralen Funktionen eines Telematiksystems im Flottenmanagement. Nat\u00fcrlich ist dies auch \u00fcber mobile Sprachkommunikation (&#8222;Handy&#8220;) m\u00f6glich, was aber einige Nachteile hat, insbesondere wenn gr\u00f6\u00dfere Informationseinheiten an den Fahrer \u00fcbertragen werden sollen, z.B. Ladelisten, Be- und Entladeadressen, usw., und sich das Fahrzeug in Fahrt befindet. Da ist es angenehmer und sicherer, wenn der Fahrer die Informationen beim n\u00e4chsten Ampelstop vom Display des Telematiksystems ablesen kann.<\/p>\n<p>Beim textbasierten Nachrichtenaustausch der Telematiksysteme unterscheidet man zwischen<\/p>\n<ul>\n<li>Freitextnachrichten,<\/li>\n<li>Vordefinierten Meldungen und<\/li>\n<li>Strukturierten Nachrichten.<\/li>\n<\/ul>\n<p><strong>Freitextnachrichten<\/strong> sind, wie der Name schon vermuten l\u00e4sst, frei von inhaltlichen Vorgaben und Strukturen. Sie werden vom Fahrer oder Disponenten Buchstabe f\u00fcr Buchstabe \u00fcber eine Tastatur eingegeben und versendet. Die folgende Abbildung zeigt ein entsprechendes Beispiel:<\/p>\n<div id=\"attachment_259\" style=\"width: 276px\" class=\"wp-caption aligncenter\"><a href=\"http:\/\/telematikwissen.de\/wp-content\/uploads\/2013\/02\/Komm-Fahrer-Zentrale1.png\"><img loading=\"lazy\" decoding=\"async\" aria-describedby=\"caption-attachment-259\" class=\" wp-image-259  \" title=\"Kommunikation Fahrer\/Zentrale - 1\" src=\"http:\/\/telematikwissen.de\/wp-content\/uploads\/2013\/02\/Komm-Fahrer-Zentrale1.png\" alt=\"\" width=\"266\" height=\"150\" srcset=\"https:\/\/app.hanseat.me\/tc2\/wp-content\/uploads\/2013\/02\/Komm-Fahrer-Zentrale1.png 312w, https:\/\/app.hanseat.me\/tc2\/wp-content\/uploads\/2013\/02\/Komm-Fahrer-Zentrale1-300x169.png 300w\" sizes=\"auto, (max-width: 266px) 100vw, 266px\" \/><\/a><p id=\"caption-attachment-259\" class=\"wp-caption-text\">Quelle: Funkwerk eurotelematik GmbH<\/p><\/div>\n<p>Bei <strong>vordefinierten Meldungen<\/strong> werden oft vorkommende Nachrichten, wie etwa &#8222;Fahrzeug steht im Stau&#8220;, &#8222;Kunde nicht angetroffen&#8220;, u.\u00e4., als fertige Nachrichten im System hinterlegt und k\u00f6nnen vom Absender mit wenigen Mausklicken ausgew\u00e4hlt und versendet werden.<\/p>\n<p>In Falle der <strong>strukturierten Nachrichten<\/strong> kann ein Telematiksystem seine Vorteile gegen\u00fcber einer sprachbasierten Kommunikation voll ausspielen. Meist beziehen sich die strukturierten Nachrichten auf die jeweiligen Gesch\u00e4ftsprozesse am bzw. mit dem Fahrzeug. Im Falle eines Transportfahrzeugs sind die Transportauftr\u00e4ge typische strukturierte Nachrichten, die an das Fahrzeug \u00fcbertragen werden. Sie bestehen aus<\/p>\n<ul>\n<li>Beladeadresse, wiederum bestehend aus\n<ul>\n<li>Name des Versenders bzw. Firma<\/li>\n<li>Land, Ort, Stra\u00dfe, Hausnummer<\/li>\n<li>ggfs. Ansprechpartner, Telefonnummern<\/li>\n<\/ul>\n<\/li>\n<li>Entladeadresse, wiederum bestehend aus\n<ul>\n<li>Name des Empf\u00e4ngers bzw. Firma<\/li>\n<li>Land, Ort, Stra\u00dfe, Hausnummer<\/li>\n<li>ggfs. Ansprechpartner, Telefonnummern<\/li>\n<\/ul>\n<\/li>\n<li>Angaben zur Ladung (Art, Gr\u00f6\u00dfe, Gewicht, usw.)<\/li>\n<\/ul>\n<p>Sowohl zur Eingabe wie auch zur Darstellung dieser Informationen bieten die Telematiksysteme entsprechende Masken auf dem Monitor des Disponenten wie auch auf dem Fahrerdisplay an, siehe folgendes Beispiel:<\/p>\n<div id=\"attachment_260\" style=\"width: 275px\" class=\"wp-caption aligncenter\"><a href=\"http:\/\/telematikwissen.de\/wp-content\/uploads\/2013\/02\/Komm-Fahrer-Zentrale2.png\"><img loading=\"lazy\" decoding=\"async\" aria-describedby=\"caption-attachment-260\" class=\" wp-image-260  \" title=\"Kommunikation Fahrer\/Zentrale - 2\" src=\"http:\/\/telematikwissen.de\/wp-content\/uploads\/2013\/02\/Komm-Fahrer-Zentrale2.png\" alt=\"\" width=\"265\" height=\"150\"><\/a><p id=\"caption-attachment-260\" class=\"wp-caption-text\">Quelle: Funkwerk eurotelematik GmbH<\/p><\/div>\n<p>Typischerweise ergeben sich aus der \u00dcbertragung derartiger strukturierter Nachrichten bereits entsprechende Antwortm\u00f6glichkeiten des Empf\u00e4ngers. Im Fall des Transportauftrags sind das beispielsweise &#8222;Auftrag angenommen\/abgelehnt&#8220;, &#8222;Ware beladen&#8220;, &#8222;Ware entladen&#8220;, usw.<\/p>\n<p>Strukturierte Nachrichten spielen daher beim&nbsp;<a title=\"Gesch\u00e4ftsprozessmanagement\" href=\"http:\/\/telematikwissen.de\/?page_id=139\">Gesch\u00e4ftsprozessmanagement<\/a> \u00fcber Telematik eine gro\u00dfe Rolle. An dieser Stelle zeigt sich erneut, wie Telematik-Systeme z.B. in die Auftragsabwicklung eines vorhandenen Enterprise Resource Planning (ERP)-Systems gekoppelt werden k\u00f6nnen.<\/p>\n","protected":false},"excerpt":{"rendered":"<p>Inhalts\u00fcbersicht Welche Fragen werden auf dieser Seite gekl\u00e4rt? Wie kommunizieren Fahrer und Zentrale bei Telematik-Systemen? Wie k\u00f6nnen die Nachrichten optimal in das laufende System integriert werden? Nachrichtenaustausch zwischen Fahrer und Zentrale Neben der Ortung der Fahrzeuge ist der Nachrichtenaustausch zwischen Fahrer und Zentrale \u2013und dort im Allgemeinen mit dem Disponenten- eine der zentralen Funktionen eines [&hellip;]<\/p>\n","protected":false},"author":1,"featured_media":0,"parent":32,"menu_order":2,"comment_status":"closed","ping_status":"open","template":"","meta":{"footnotes":""},"class_list":["post-36","page","type-page","status-publish","hentry"],"_links":{"self":[{"href":"https:\/\/app.hanseat.me\/tc2\/wp-json\/wp\/v2\/pages\/36","targetHints":{"allow":["GET"]}}],"collection":[{"href":"https:\/\/app.hanseat.me\/tc2\/wp-json\/wp\/v2\/pages"}],"about":[{"href":"https:\/\/app.hanseat.me\/tc2\/wp-json\/wp\/v2\/types\/page"}],"author":[{"embeddable":true,"href":"https:\/\/app.hanseat.me\/tc2\/wp-json\/wp\/v2\/users\/1"}],"replies":[{"embeddable":true,"href":"https:\/\/app.hanseat.me\/tc2\/wp-json\/wp\/v2\/comments?post=36"}],"version-history":[{"count":0,"href":"https:\/\/app.hanseat.me\/tc2\/wp-json\/wp\/v2\/pages\/36\/revisions"}],"up":[{"embeddable":true,"href":"https:\/\/app.hanseat.me\/tc2\/wp-json\/wp\/v2\/pages\/32"}],"wp:attachment":[{"href":"https:\/\/app.hanseat.me\/tc2\/wp-json\/wp\/v2\/media?parent=36"}],"curies":[{"name":"wp","href":"https:\/\/api.w.org\/{rel}","templated":true}]}}