{"id":122,"date":"2013-01-13T11:40:35","date_gmt":"2013-01-13T10:40:35","guid":{"rendered":"http:\/\/telematikwissen.de\/?page_id=122"},"modified":"2013-01-13T11:40:35","modified_gmt":"2013-01-13T10:40:35","slug":"aufgaben-und-nutzen-im-flottenbetrieb","status":"publish","type":"page","link":"https:\/\/app.hanseat.me\/tc2\/aufgaben-und-nutzen-im-flottenbetrieb\/","title":{"rendered":"Aufgaben und Nutzen im Flottenbetrieb"},"content":{"rendered":"<h2>Inhalts\u00fcbersicht<\/h2>\n<p><strong>Welche Fragen werden auf dieser Seite gekl\u00e4rt?<\/strong><\/p>\n<ul>\n<li>Wof\u00fcr ben\u00f6tigt man Telematik?<\/li>\n<li>Woraus besteht ein Telematiksystem?<\/li>\n<li>Wie kann Telematik den Gesch\u00e4ftsalltag unterst\u00fctzen?<\/li>\n<li>Wodurch unterscheiden sich markt\u00fcbliche Telematiksysteme?<\/li>\n<\/ul>\n<h2>Fahrzeuge im Unternehmen<\/h2>\n<p>Verf\u00fcgt ein Unternehmen \u00fcber Fahrzeuge als Hilfsmittel f\u00fcr die Erbringung oder Unterst\u00fctzung der Gesch\u00e4ftsprozesse (wie insbesondere Transportdienstleister), so ist der effektive und effiziente Einsatz der Fahrzeuge f\u00fcr das Unternehmen von gr\u00f6\u00dfter Bedeutung.<\/p>\n<h2>Fahrzeuge als Produktionsmittel<\/h2>\n<p>Fahrzeuge als &#8222;Produktionsmittel&#8220; eines Unternehmens sind jedoch \u2013anders als die Produktionsmaschinen in einer Werkhalle- nicht ortsfest, was die laufende \u00dcberwachung und Steuerung des wertsch\u00f6pfenden Prozesses enorm erschwert. Unter anderem dabei wird heutzutage Telematik eingesetzt.<br \/>\nDie Aufgaben von Telematik sind daher&#8230;:<\/p>\n<ul>\n<li>die (m\u00f6glichst automatische) Erfassung von Daten am Fahrzeug,<\/li>\n<li>die zeitnahe \u00dcbertragung der Daten zum Unternehmen sowie<\/li>\n<li>die Aufbereitung und Visualisierung dieser Informationen<\/li>\n<\/ul>\n<p>Auch der umgekehrte Informationsfluss \u2013vom Unternehmen zum Fahrzeug- geh\u00f6rt zum Aufgabenspektrum der Telematik, wenn es etwa darum geht, den Fahrer mit aktuellen Informationen zu seinem Fahrauftrag zu versorgen.<\/p>\n<h2>Grunds\u00e4tzlicher Aufbau eines Telematik-Systems<\/h2>\n<p>Rein technisch gesehen besteht ein Telematiksystem immer aus<\/p>\n<ul>\n<li>einem Bordrechner,<\/li>\n<li>einer bidirektionalen Datenkommunikation und<\/li>\n<li>einer ortsfesten EDV-Anlage<\/li>\n<\/ul>\n<div id=\"attachment_309\" style=\"width: 615px\" class=\"wp-caption alignnone\"><a href=\"https:\/\/transportconnected.de\/wp-content\/uploads\/2013\/02\/telematik_client_server.png\"><img loading=\"lazy\" decoding=\"async\" aria-describedby=\"caption-attachment-309\" class=\"wp-image-309 size-full\" src=\"https:\/\/transportconnected.de\/wp-content\/uploads\/2013\/02\/telematik_client_server.png\" alt=\"Telematik Client-Server-Architektur\" width=\"605\" height=\"465\" srcset=\"https:\/\/app.hanseat.me\/tc2\/wp-content\/uploads\/2013\/02\/telematik_client_server.png 605w, https:\/\/app.hanseat.me\/tc2\/wp-content\/uploads\/2013\/02\/telematik_client_server-300x231.png 300w\" sizes=\"auto, (max-width: 605px) 100vw, 605px\" \/><\/a><p id=\"caption-attachment-309\" class=\"wp-caption-text\">Beispiel f\u00fcr die System Architektur (Eigene Darstellung)<\/p><\/div>\n<p>Eine genauere Aufschl\u00fcsselung finden Sie unter <a title=\"Systemarchitektur und Schnittstellen\" href=\"http:\/\/telematikwissen.de\/basiswissen\/systemarchitektur-und-schnittstellen\/\">Systemarchitektur<\/a><a title=\"Systemarchitektur und Schnittstellen\" href=\"http:\/\/telematikwissen.de\/basiswissen\/systemarchitektur-und-schnittstellen\/\">.<\/a><\/p>\n<p>Wird Telematik als Werkzeug zur \u00dcberwachung und Steuerung von Fahrzeugflotten genutzt, spricht man auch von <strong>Flottentelematik<\/strong>. Obwohl es auf diesem Informationsportal prim\u00e4r um Flottentelematik geht, wird aus Vereinfachungsgr\u00fcnden im Weiteren nur von Telematik gesprochen.<\/p>\n<h2>Aufgaben eines Telematik-Systems<\/h2>\n<p>Nachfolgend m\u00f6chten wir Ihnen die Teil-Aufgaben eines Telematik-Systems konkreter vorstellen. Telematik befindet sich in einer fortdauernden Entwicklung von verschiedenen Herstellern. Wir werden an dieser Stelle die Grundfunktionen besprechen, die den Ausgangspunkt f\u00fcr s\u00e4mtliche, aktuellen Weiterentwicklungen darstellen. Als da w\u00e4ren:<\/p>\n<ul>\n<li>Informationsversorgung von Flottenfahrzeugen<\/li>\n<li>Kommunikation Fahrer\/Zentrale<\/li>\n<li>Grunds\u00e4tzlicher, funktionaler Aufbau eines Telematik-Systems<\/li>\n<li>Integrierte Funktionen eines Telematik-Systems<\/li>\n<li>Zielf\u00fchrung durch Telematik-Systeme<\/li>\n<\/ul>\n<h3>Informationsversorgung von Flottenfahrzeugen<\/h3>\n<p>Zu den grundlegenden Aufgaben eines Telematiksystems geh\u00f6rt es, die f\u00fcr den Einsatz der Fahrzeuge im Unternehmen verantwortlichen Personen mit aktuellen Informationen \u00fcber <strong>den Standort der Fahrzeuge<\/strong> zu versorgen.<\/p>\n<p>So ist es beispielsweise f\u00fcr den Disponent einer Spedition wichtig zu wissen, wo sich seine Fahrzeuge befinden, wenn etwa ein neuer Transportauftrag einem nahe am Beladeort verf\u00fcgbaren Fahrzeug zugewiesen werden soll. Bei dieser Funktion des Telematiksystems spricht man von <strong>Ortung<\/strong> (engl. &#8222;positioning&#8220;) der Fahrzeuge.<\/p>\n<h3>Kommunikation Fahrer\/Zentrale<\/h3>\n<p>Eine weitere grundlegende Telematikfunktion ist die Kommunikation zwischen dem Fahrer und dem Unternehmen, im Allgemeinen wieder vertreten durch einen Disponenten, Flottenmanager, oder \u00c4hnlichem.<\/p>\n<p>Mit dieser <strong>Kommunikation Fahrer\/Zentrale<\/strong> ist jedoch nicht die Sprachkommunikation gemeint, sondern der <strong>Austausch von Textnachrichten<\/strong>. Dies kann unstrukturiert erfolgen, man spricht dann von &#8222;Freitextnachrichten&#8220;. Meist wird es sich jedoch um strukturierte Nachrichten handeln, wie z.B. ein Transportauftrag mit Be- und Entladeadresse, die sich wiederum in Absendername, Stra\u00dfe, Hausnummer, usw., untergliedern.<\/p>\n<p>Gerade bei derartigen Nachrichten liegt der Nutzen einer textbasierten Datenkommunikation auf der Hand, da eine sprachbasierte \u00dcbermittlung aufw\u00e4ndig, fehleranf\u00e4llig und auf Fahrerseite zudem noch ablenkend und damit unfalltr\u00e4chtig w\u00e4re.<\/p>\n<h3>Grunds\u00e4tzlicher, funktionaler Aufbau eines Telematik-Systems<\/h3>\n<p>Die bisher beschriebenen Aufgaben bilden den Kern eines jeden Telematiksystems, um den sich oftmals weitere, h\u00f6herwertigere Funktionen gruppieren.<\/p>\n<div id=\"attachment_211\" style=\"width: 298px\" class=\"wp-caption aligncenter\"><a href=\"https:\/\/transportconnected.de\/wp-content\/uploads\/2013\/01\/Telematik-Kern.png\"><img loading=\"lazy\" decoding=\"async\" aria-describedby=\"caption-attachment-211\" class=\"wp-image-211 size-full\" title=\"Telematik-Kern\" src=\"https:\/\/transportconnected.de\/wp-content\/uploads\/2013\/01\/Telematik-Kern.png\" alt=\"Telematik - Kern\" width=\"288\" height=\"265\" \/><\/a><p id=\"caption-attachment-211\" class=\"wp-caption-text\">Telematik &#8211; Kern (Eigene Darstellung)<\/p><\/div>\n<h3>Integrierte Funktionen eines Telematiksystems<\/h3>\n<p>Zu den h\u00f6herwertigeren Funktionen eines Telematiksystems z\u00e4hlen das <strong>technische Fahrzeugmanagement<\/strong>, das <strong>Personalmanagement<\/strong> und das <strong>Gesch\u00e4ftsprozessmanagement<\/strong>.<\/p>\n<p>Mit diesen Funktionen er\u00f6ffnen sich dem Fahrzeugbetreiber vielf\u00e4ltige M\u00f6glichkeiten zur Optimierung des Fahrzeug- und Fahrereinsatzes, wie z.B. Kraftstoffverbrauchsoptimierung, Einhalten der gesetzlichen Vorgaben zu den Lenk- und Ruhezeiten des Fahrers, Reduzierung von Leer- und Umwegfahrten, und vieles mehr.<\/p>\n<p>Diese Funktionen lassen sich oftmals \u00fcber definierte Schnittstellen in die Prozesswelt des Unternehmens integrieren (z.B. SAP-Import von Arbeitszeiten, Automatisierte R\u00fcckmeldung des Status von Transportauftr\u00e4gen,&#8230;).<br \/>\nEin Einblick, wie Telematiksysteme in dieser Hinsicht eingesetzt werden k\u00f6nnen, zeigen wir Ihnen im Bereich <a title=\"Anwendungsbeispiele\" href=\"http:\/\/telematikwissen.de\/systemanbieter\/\">Anwendungsbeispiele<\/a>.<\/p>\n<h3>Zielf\u00fchrung durch Telematiksysteme<\/h3>\n<p>In den letzten Jahren ist au\u00dferdem die Zielf\u00fchrung des Fahrzeugs, umgangssprachlich als <strong>Navigation<\/strong> bezeichnet, als Funktion in die Telematiksysteme gewandert. Streng genommen handelt es sich dabei zun\u00e4chst nicht um eine Telematikfunktion, da zur einfachen Zielf\u00fchrung keine Datenkommunikation mit einer ortsfesten Zentrale notwendig ist. Erst wenn bei der Zielf\u00fchrung dynamische Informationen, z.B. Stauinformationen, per Datenkommunikation zugef\u00fchrt und ber\u00fccksichtigt werden, w\u00e4re die Definition f\u00fcr Telematik erf\u00fcllt.<\/p>\n<p>Verf\u00fcgt ein Telematiksystem \u00fcber alle vorgenannten Funktionen, ergibt sich bildlich eine &#8222;Telematikzwiebel&#8220;, bei der alle h\u00f6herwertigen Funktionen auf dem Ortungs- und Kommunikationskern aufbauen:<\/p>\n<div id=\"attachment_212\" style=\"width: 310px\" class=\"wp-caption aligncenter\"><a href=\"https:\/\/transportconnected.de\/wp-content\/uploads\/2013\/01\/Telematik-Zwiebel.png\"><img loading=\"lazy\" decoding=\"async\" aria-describedby=\"caption-attachment-212\" class=\"wp-image-212 size-medium\" title=\"Telematik-Zwiebel\" src=\"https:\/\/transportconnected.de\/wp-content\/uploads\/2013\/01\/Telematik-Zwiebel-300x276.png\" alt=\"Telematik - Zwiebel\" width=\"300\" height=\"276\" \/><\/a><p id=\"caption-attachment-212\" class=\"wp-caption-text\">Telematik &#8211; Zwiebel (Eigene Darstellung)<\/p><\/div>\n<h2>Unterschiede der Telematiksysteme<\/h2>\n<p>Bei den am Markt angebotenen Telematiksystemen sind manchmal \u2013je nach Anwendungsfall- nicht alle vorstehend genannten Funktionen enthalten. Unter <a title=\"Markt\u00fcbersicht\" href=\"http:\/\/telematikwissen.de\/marktubersicht\/\">Markt\u00fcbersicht<\/a> kann man sich \u00fcber den jeweiligen Funktionsumfang eines Telematiksystems informieren.<\/p>\n<div id=\"attachment_213\" style=\"width: 310px\" class=\"wp-caption aligncenter\"><a href=\"https:\/\/transportconnected.de\/wp-content\/uploads\/2013\/01\/Telematik-Zwiebel-Umfeld.png\"><img loading=\"lazy\" decoding=\"async\" aria-describedby=\"caption-attachment-213\" class=\"wp-image-213 size-medium\" title=\"Telematik-Zwiebel-Umfeld\" src=\"https:\/\/transportconnected.de\/wp-content\/uploads\/2013\/01\/Telematik-Zwiebel-Umfeld-300x177.png\" alt=\"\" width=\"300\" height=\"177\" \/><\/a><p id=\"caption-attachment-213\" class=\"wp-caption-text\">Telematik \u2013 Zwiebel mit Umgebung (Eigene Darstellung)<\/p><\/div>\n<p>Umgekehrt finden sich aber auch Telematiksysteme, die funktional noch \u00fcber die in vorstehendem Bild gezeigten Funktionsumfang hinausgehen, und beispielsweise auch Funktionen zur Ladungsidentifikation im Lkw anbieten. Diese Funktionen sind im folgenden Bild dargestellt, werden aber hier zun\u00e4chst nicht weiter betrachtet.<\/p>\n","protected":false},"excerpt":{"rendered":"<p>Inhalts\u00fcbersicht Welche Fragen werden auf dieser Seite gekl\u00e4rt? Wof\u00fcr ben\u00f6tigt man Telematik? Woraus besteht ein Telematiksystem? Wie kann Telematik den Gesch\u00e4ftsalltag unterst\u00fctzen? Wodurch unterscheiden sich markt\u00fcbliche Telematiksysteme? Fahrzeuge im Unternehmen Verf\u00fcgt ein Unternehmen \u00fcber Fahrzeuge als Hilfsmittel f\u00fcr die Erbringung oder Unterst\u00fctzung der Gesch\u00e4ftsprozesse (wie insbesondere Transportdienstleister), so ist der effektive und effiziente Einsatz der [&hellip;]<\/p>\n","protected":false},"author":1,"featured_media":0,"parent":0,"menu_order":11,"comment_status":"closed","ping_status":"open","template":"","meta":{"footnotes":""},"class_list":["post-122","page","type-page","status-publish","hentry"],"_links":{"self":[{"href":"https:\/\/app.hanseat.me\/tc2\/wp-json\/wp\/v2\/pages\/122","targetHints":{"allow":["GET"]}}],"collection":[{"href":"https:\/\/app.hanseat.me\/tc2\/wp-json\/wp\/v2\/pages"}],"about":[{"href":"https:\/\/app.hanseat.me\/tc2\/wp-json\/wp\/v2\/types\/page"}],"author":[{"embeddable":true,"href":"https:\/\/app.hanseat.me\/tc2\/wp-json\/wp\/v2\/users\/1"}],"replies":[{"embeddable":true,"href":"https:\/\/app.hanseat.me\/tc2\/wp-json\/wp\/v2\/comments?post=122"}],"version-history":[{"count":0,"href":"https:\/\/app.hanseat.me\/tc2\/wp-json\/wp\/v2\/pages\/122\/revisions"}],"wp:attachment":[{"href":"https:\/\/app.hanseat.me\/tc2\/wp-json\/wp\/v2\/media?parent=122"}],"curies":[{"name":"wp","href":"https:\/\/api.w.org\/{rel}","templated":true}]}}